on factor of 72 and 434905272.
72
Calculate the highest common divisor of 3077296 and 1804.
164
Calculate the highest common factor of 2115944 and 172.
172
Calculate the highest common factor of 55205 and 2743055.
905
Calculate the greatest common factor of 3248662 and 2.
2
What is the greatest common divisor of 2096334 and 54?
54
What is the highest common factor of 38898 and 131821?
2161
Calculate the greatest common divisor of 16940 and 6865540.
2420
What is the highest common factor of 4902 and 258?
258
Calculate the greatest common factor of 10509 and 145266.
93
Calculate the highest common divisor of 23253183 and 38587.
821
Calculate the highest common factor of 29586300 and 120.
60
What is the highest common divisor of 104488 and 391608?
296
What is the highest common divisor of 144018 and 608886?
18
Calculate the greatest common divisor of 450 and 360610.
10
What is the highest common factor of 300 and 24086700?
300
What is the highest common factor of 72373631 and 22?
11
What is the greatest common divisor of 33579 and 29948737?
3731
Calculate the greatest common factor of 1567842 and 2469012.
1938
What is the highest common factor of 39479 and 3047?
11
Calculate the greatest common divisor of 60322820 and 30.
10
What is the greatest common factor of 1898360 and 280?
40
What is the highest common divisor of 362441 and 36625?
293
Calculate the highest common factor of 12648 and 4009144.
136
Calculate the highest common factor of 31563 and 17409.
21
What is the greatest common factor of 77775647 and 1066?
41
Calculate the highest common factor of 26052487 and 1259.
1259
Calculate the highest common divisor of 2728341 and 39060.
1953
Calculate the highest common factor of 1878 and 1936916616.
1878
What is the highest common divisor of 54 and 1196868933?
27
What is the greatest common divisor of 392243 and 36115?
31
What is the greatest common divisor of 16720974 and 8915?
1783
Calculate the highest common divisor of 571452464 and 176.
176
What is the highest common factor of 273347362 and 628?
314
Calculate the greatest common divisor of 7883075 and 800.
25
What is the greatest common factor of 750617 and 44745?
157
What is the greatest common divisor of 52 and 19152?
4
What is the highest common divisor of 61864 and 18624408?
1672
Calculate the greatest common factor of 216 and 2515992.
24
Calculate the greatest common divisor of 8286568 and 120.
8
What is the greatest common factor of 2718 and 49729434?
906
Calculate the highest common factor of 25648 and 518644.
28
What is the highest common factor of 173017163 and 15070?
1507
Calculate the greatest common factor of 5176757 and 3.
1
What is the greatest common divisor of 28 and 7716898?
14
What is the highest common factor of 667 and 1058023?
23
Calculate the highest common divisor of 1914884 and 782468.
3932
Calculate the greatest common factor of 1761453 and 99.
9
What is the highest common divisor of 326238290 and 70?
70
What is the highest common factor of 24783473 and 1207?
71
Calculate the highest common divisor of 1548 and 658584.
36
Calculate the highest common factor of 175 and 6811385.
35
What is the greatest common divisor of 744 and 238297?
31
What is the highest common divisor of 54406 and 33506?
22
Calculate the greatest common divisor of 1518088780 and 1370.
1370
What is the greatest common factor of 163115535 and 15?
15
Calculate the highest common factor of 1263 and 6635520351.
1263
What is the greatest common divisor of 3290344 and 22192?
152
What is the highest common factor of 90 and 17022375?
45
Calculate the highest common divisor of 4818759 and 4125.
33
Calculate the greatest common divisor of 1 and 127287229.
1
What is the highest common factor of 559896 and 596312?
4552
What is the highest common factor of 3847923 and 14444?
23
Calculate the highest common factor of 19145126 and 26.
26
What is the greatest common divisor of 112125 and 455676?
897
What is the highest common divisor of 250896393 and 198?
99
What is the highest common factor of 902 and 13346410?
22
Calculate the greatest common factor of 508584 and 17952.
24
What is the highest common divisor of 2642113 and 736829?
1277
Calculate the greatest common factor of 35477351 and 4047.
1349
Calculate the highest common factor of 96446748 and 48.
12
Calculate the highest common factor of 148 and 8822068.
4
What is the greatest common divisor of 17479670 and 1690?
1690
Calculate the greatest common factor of 75081828 and 24.
12
Calculate the greatest common factor of 55627 and 56769882.
5057
Calculate the greatest common factor of 1406914 and 23128.
118
Calculate the highest common divisor of 1528451 and 349.
1
What is the highest common divisor of 1200647836 and 668?
668
Calculate the greatest common factor of 4 and 98983484.
4
Calculate the highest common factor of 18368 and 3491929.
287
Calculate the highest common divisor of 1824576 and 540124.
884
What is the greatest common divisor of 441083127 and 464?
29
What is the highest common factor of 120 and 73399350?
30
Calculate the greatest common factor of 232125 and 278625.
375
What is the highest common factor of 840 and 190813?
7
What is the greatest common factor of 216 and 527076?
36
Calculate the highest common divisor of 73863 and 486243.
261
What is the highest common factor of 13367468 and 21316?
292
What is the greatest common factor of 28332 and 871996?
3148
Calculate the greatest common factor of 1030610 and 50960.
70
What is the greatest common divisor of 467012 and 831384?
5132
What is the highest common factor of 1942816 and 164372?
436
What is the highest common divisor of 5467409 and 15095?
3019
Calculate the highest common factor of 20282 and 1394.
2
What is the greatest common divisor of 56200 and 1457725?
25
Calculate the highest common factor of 6421057 and 1442371.
5569
Calculate the greatest common divisor of 12444 and 94782837.
3111
What is the highest common divisor of 14322595 and 175?
35
What is the highest common factor of 5205 and 425680?
5
Calculate the greatest common divisor of 180 and 25708725.
45
Calculate the greatest common divisor of 59279 and 63019.
187
Calculate the highest common factor of 28092 and 551970344.
9364
What is the greatest common factor of 8478 and 4800006?
54
Calculate the highest common factor of 5364221 and 69.
23
Calculate the highest common divisor of 923 and 10648793.
71
What is the greatest common divisor of 3482801 and 82816?
647
Calculate the highest common factor of 1414 and 327698.
14
What is the greatest common factor of 876847 and 1927283?
4451
What is the greatest common factor of 148397623 and 1969?
1969
Calculate the greatest common divisor of 2856 and 522907896.
2856
Calculate the highest common divisor of 3232 and 10832.
16
Calculate the greatest common divisor of 2284215 and 1651128.
2319
Calculate the highest common factor of 996 and 131708716.
332
Calculate the highest common divisor of 193 and 56036971.
193
What is the highest common factor of 906 and 1046850?
6
What is the highest common divisor of 541995 and 527505?
345
What is the greatest common factor of 10677294 and 18?
18
Calculate the greatest common divisor of 5129476 and 1012.
44
What is the greatest common divisor of 103100513 and 93?
31
What is the highest common factor of 17025788 and 1196?
52
What is the highest common divisor of 420460 and 29830?
10
Calculate the highest common factor of 185498139 and 758.
379
Calculate the highest common factor of 984486404 and 7645.
1529
What is the greatest common factor of 24 and 130512552?
24
Calculate the highest common factor of 1111845 and 40845.
105
Calculate the greatest common divisor of 754 and 623724257.
377
Calculate the greatest common factor of 22933 and 62428454.
1207
What is the highest common divisor of 1282401 and 88377?
267
Calculate the highest common factor of 2500739 and 1.
1
Calculate the greatest common divisor of 61352741 and 718.
359
What is the highest common divisor of 2175 and 28528605?
435
Calculate the greatest common factor of 21979 and 387823.
709
What is the greatest common divisor of 13 and 127246873?
13
Calculate the greatest common factor of 60065 and 287374986.
12013
What is the greatest common factor of 32034871 and 67639?
5203
Calculate